et i(u) = -u**2 + u. Let k(c) = g(c) - 6*i(c). Give k(-1).
4
Let r = -79 - -86. Let t(f) = -r*f**2 + 0*f + 7*f**2 + f**2 - 3 + 7*f. Give t(-8).
5
Let g(l) = -3*l + 1. Let m(f) = -28*f + 16. Let b(t) = -36*g(t) + 4*m(t). What is b(7)?
0
Let t(w) = w**3 - 7*w**2 + 12*w - 6. Let s be t(5). Let m(v) = 3*v**2 - 6 + 2*v + 6 - v**3 - s*v. Determine m(3).
-6
Let p(x) be the third derivative of x**6/720 - 7*x**5/120 + x**4/6 + x**2. Let g(f) be the second derivative of p(f). What is g(7)?
0
Let z(h) = 8*h - 33. Let v(f) = 10*f - 39. Let s(r) = 6*v(r) - 7*z(r). Give s(2).
5
Let y(c) = 2*c**3 - 6*c**2 + 6*c - 3. Let m(i) = 0*i**2 - 9*i**2 + 2*i - 3*i + 10*i**2 + 1 - i**3. Let s(u) = -m(u) - y(u). Determine s(3).
5
Let w(h) = h**2 - 8*h - 5. Let p(c) = 13 + 19 - 43 + 12. Let k(m) = -p(m) - w(m). Determine k(7).
11
Let s = 255 - 252. Let p(v) = -4*v**2 + 0*v**3 + v**3 + v**2 + v - 1. Calculate p(s).
2
Let v(t) = 4*t - 6. Let g = -3 - -7. Let z be (g/10)/(3/45). Determine v(z).
18
Let j(n) = 7*n**2 + n - 2. Let z be j(-1). Let s(c) = -13*c - 5. Calculate s(z).
-57
Let b(p) = -p**3 + 6*p**2 + 2*p - 10. Let k = -34 - -40. Let h be b(k). Let y(z) = 5*z. Calculate y(h).
10
Let t be 24/9*36/16. Let k(i) = -6*i**2 + 0*i**2 + i**3 + 8 + i**2 - t + 3*i. Let q = 15 - 11. Determine k(q).
-2
Let f(m) be the first derivative of -m**2/2 + 3*m - 13. Suppose -22 + 11 = d. Let z = d - -5. What is f(z)?
9
Let b(x) = 189 + 2*x**2 + 5*x**2 - 188. Let q(j) = j. Let k be q(0). Suppose k = -5*u + 5*z + 5, 11 = -5*u - 5*z - 4. Give b(u).
8
Let f(g) be the second derivative of -g**3/3 + 3*g**2/2 - 77*g. Calculate f(4).
-5
Let c(y) = 9*y**2 + 3*y - 45. Let f(v) = -13*v**2 - 2*v + 46. Let l(r) = -3*c(r) - 2*f(r). What is l(-10)?
-7
Let j(o) be the third derivative of o**7/2520 + o**6/240 - 13*o**5/120 + o**4/12 + o**3 + 4*o**2 + 5. Let h(z) be the second derivative of j(z). Give h(-6).
5
Let u(b) = -b + 1. Let t(i) = -2*i**2 - 5*i - 1. Let d(j) = -t(j) + u(j). Let c = -1 + -1. Determine d(c).
2
Let i(j) = -j - 2. Suppose 0 = -5*k - 2*n - 23, 5*k + 35 - 4 = -4*n. What is i(k)?
1
Let x(y) = -6*y**2 + 5*y**3 - 11*y + 3*y + 5*y**2 + 14 - 13*y**2. Let b(d) = -9*d**3 + 27*d**2 + 17*d - 28. Let q(i) = 4*b(i) + 7*x(i). Determine q(11).
-3
Let p(g) = g + 10 - 4 + 7. What is p(-11)?
2
Suppose -j + 4*p = -14, 2*j - 4*p = 3*j + 10. Let m(t) = -t - 1. Let r(y) = 8*y + 12. Let v(u) = -10*m(u) - r(u). What is v(j)?
2
Let f(y) = -3 + 0 - 8*y + 3 + 9*y + 3. Let u = 6 - 13. What is f(u)?
-4
Let f(z) = 11*z**3 - z**2 + 19*z + 18. Let j(s) = -9*s**3 + s**2 - 16*s - 17. Let k(v) = -5*f(v) - 6*j(v). Give k(0).
12
Let x(i) = -3*i - 8 + 3*i + 7*i**2 - i + 5. Calculate x(-2).
27
Let p(s) = -s**2 + 11*s + 3. Let j(f) = -f**3 + 19*f**2 - 16*f - 26. Let m be j(18). Give p(m).
13
Let t(z) = z**2 - 5*z. Let q be (-20)/(-90) + 4/(-18). Let f be 0 + (q - 3)/(-1). What is t(f)?
-6
Let o(h) = 3*h + 18. Let b be (-6)/(72/20) - 80/(-48). Calculate o(b).
18
Suppose -2*n - 4*v - 16 = -3*n, 3*v = -4*n + 7. Let i(b) be the first derivative of b**2/2 + 4*b - 70. What is i(n)?
8
Let v(l) be the first derivative of -3 - 7/6*l**3 - 1/20*l**5 + 0*l**2 + 3*l + 7/12*l**4. Let i(o) be the first derivative of v(o). Give i(6).
-6
Let c(s) be the second derivative of 0*s**3 + 1/30*s**5 + 0*s**2 + 1/6*s**4 - 6*s - 1/240*s**6 + 0. Let t(p) be the third derivative of c(p). Calculate t(-3).
13
Let p = 19 + -16. Let c(g) = -g**3 + 0*g**3 - g - g**2 + 5*g**3 + g**p. Let d(n) = n**3 + 7*n**2 - n - 8. Let k be d(-7). What is c(k)?
-5
Let c(l) = l**3 - 12*l**2 + 10*l + 19. Suppose 46 - 13 = 3*m. What is c(m)?
8
Let q(n) = n**3 - 29*n**2 - 37*n + 204. Let r be q(30). Let a(f) be the third derivative of -f**5/60 - 5*f**4/24 - f**3 - f**2. Determine a(r).
-12
Let v(f) be the third derivative of -f**6/180 + f**5/40 - f**4/12 + 2*f**3/3 - 17*f**2. Let i(b) be the first derivative of v(b). Calculate i(3).
-11
Suppose 2*h - 3 = 1. Suppose -4*l - 24 = 2*y, 0 = y - h*y - l - 7. Let r(b) = 17*b + 1. Let c(t) = -22*t - 1. Let n(v) = -4*c(v) - 5*r(v). What is n(y)?
-7
Let o(p) = -8. Let k(y) = -y - 3. Let l(a) = -k(a) + o(a). What is l(6)?
1
Let q be (-2 - 7)*3/9. Let j(u) = -2*u**2 - 2*u + 2. Give j(q).
-10
Suppose 0 = 12*c - 28 - 32. Let w(y) = y + 2. What is w(c)?
7
Suppose 94 - 14 = 5*h. Suppose -2*d + 6 = h. Let o(u) = -5 - 5*u - 4 + 2 - 4*u**2 + 3*u**2. Give o(d).
-7
Suppose 14 = -z + 2*z. Let x = z + -14. Let w(o) = o - 515*o**2 + 2 + 516*o**2 + 2. What is w(x)?
4
Let i(s) be the second derivative of -s**8/6720 + s**7/840 + s**6/240 + s**5/40 + 5*s**4/6 - 19*s. Let p(r) be the third derivative of i(r). Determine p(4).
-1
Let h(d) = -d + 4. Let l = -20 - -16. Let z = l + -2. Let g(t) = t**3 + 7*t**2 + 7*t + 9. Let m be g(z). Determine h(m).
1
Let y(g) be the first derivative of -3*g**2/2 + 17*g - 13. Let w(r) = -2*r + 11. Let i(z) = 7*w(z) - 5*y(z). Suppose 6 = 5*v - 34. Calculate i(v).
0
Let m(g) = -23*g + 1. Let n(q) = -52*q + 3. Let x(o) = -9*m(o) + 4*n(o). Determine x(-3).
6
Let z(i) = -61*i + 28*i + 25*i. Give z(2).
-16
Let d = -13 - -10. Let r(o) = o**3 - 2*o**2 - 7*o - 2. Let c be r(4). Let n(w) = 0*w**2 - w - w**3 - 3*w**3 + 3*w**3 - 2 - 4*w**c. What is n(d)?
-8
Let s be (-1 - 1)/((-5)/(100/(-5))). Let o(x) = -3*x - 8. Determine o(s).
16
Let d(u) = 2*u + 11. Let q be d(-8). Let w(t) = t**3 - 3*t + 5. Let m(o) = o**3 + o**2 - 4*o + 5. Let b(j) = q*m(j) + 6*w(j). Calculate b(4).
-3
Let t(z) = -z**2 + 17*z - 51. Let q be t(11). Let b(v) = -v**3 + 17*v**2 - 31*v + 9. Give b(q).
-6
Let k(c) be the second derivative of -c**5/20 - c**4/6 + c**3/3 + c**2/2 - 257*c. Calculate k(-4).
25
Let b(o) = -o - 2. Let j(a) = 24*a**2 + 8*a + 11. Let z(t) = 6*b(t) + j(t). Determine z(1).
25
Let x(a) = 1 + 3*a**3 - 4*a**3 - 2*a**2 + 4*a**2 - 4. What is x(3)?
-12
Let r(u) = 3*u**3 - 6. Let t(i) = i + 11. Let k be t(-8). Let m(d) = 2*d**3 - 3. Let l(p) = k*r(p) - 5*m(p). What is l(0)?
-3
Suppose -j + 1 = -f, -3*f + 9*j = 5*j + 6. Let g(i) = 6*i + 2. Give g(f).
14
Let w be (-4)/(-20) - 58/(-10). Let a(f) = 6 + 14*f**3 - w - f**2. What is a(1)?
13
Let f = 264 - 271. Let j(p) = -p**2 - 7*p + 3. Give j(f).
3
Let x(a) be the first derivative of -1/2*a**2 - 3 - 1/3*a**3 + 2*a**4 + 0*a. Let i(r) = r**2 - 4*r - 6. Let l be i(5). Calculate x(l).
-8
Let q(i) = -i**2 + 22*i - 18. Let l = -1290 - -1311. Determine q(l).
3
Let l(r) = 0*r - 2*r + 3 - 3*r - 8*r + 4*r. Give l(3).
-24
Let o(s) = 4*s**3 + 4*s**2 + 5*s + 6. Let n(u) = 5*u**3 + 6*u**2 + 6*u + 7. Let l(k) = -5*n(k) + 6*o(k). Calculate l(-5).
-24
Let g(x) = x**3 - 5*x**2 - 7*x + 1. Let k(y) = -y**2 + 10*y - 13. Let p be k(8). Suppose -2*o - o + p*v + 3 = 0, -5*o = -4*v - 10. Give g(o).
-5
Let x(m) = -m + 30 + 36 + 27 - 92. What is x(9)?
-8
Let p(c) = c**2 - 5*c - 10. Let m(u) = -u + 1. Let x(r) = -m(r) - p(r). Let z be -4 - -3 - -1*3. Suppose -z*b = b - 21. What is x(b)?
2
Let u(s) = 13*s. Let o(j) = -2*j**2 + 9*j - 6. Let i be o(5). Let k(g) = g**3 + 11*g**2 + g + 12. Let x be k(i). Determine u(x).
13
Let f be 4*(-2)/12*6. Let h(q) = -8*q - 6. Let g(w) = -3*w - 2. Let o(a) = f*h(a) + 11*g(a). Calculate o(-5).
7
Let x = 7 - 11. Suppose 0 = 3*n - 3*f - 10 + 4, -13 = -4*n - f. Let g(w) = -w**2 - 4*w + n*w + 0*w + 3. What is g(x)?
-9
Let o(a) = -a**2 - a. Let g = 1127 + -1126. Determine o(g).
-2
Let g(x) = x**2 - 2*x + 5. Let f be 3/(-12) + 119/28. Give g(f).
13
Let a = 5 + -2. Suppose -3*z + r = 10, a*z - 4*r = -z - 24. Let p(m) = m**3 + 5*m**2 + 3*m. Let t be p(z). Let x(w) = w**3 - 6*w**2 + 2*w - 8. Calculate x(t).
4
Let r(h) = 9*h**2 - 4*h - 4. Let w = 1226 + -1227. Give r(w).
9
Let t(k) = 5*k**3 + 61*k**2 - 48. Let q(h) = -3*h**3 - 40*h**2 + 32. Let d(r) = 8*q(r) + 5*t(r). Determine d(15).
16
Suppose 0 = -4*t + 4*i, 5 = 2*i + 1. Let c(f) = -f**t + 7*f - 6 + 3*f**2 + 4*f**2 - 7*f**2. What is c(4)?
6
Let g(l) be the third derivative of l**5/60 - 5*l**3/3 + 9*l**2. Let k(p) be the first derivative of g(p). Suppose 2*x - 5*x - 19 = 5*t, 3*t + 3 = x. Give k(t).
-4
Suppose 4*l = -3*v + 6*l - 3, -4 = 4*v + 5*l. Let d(g) = -2*g - 2*g**2 + 6*g**3 - 6*g**3 + 8*g - 2*g**3 - 7*g. Give d(v).
1
Let l(w) = -6*w**2 + w. Let d(a) = -a**3 + 12*a**2 + 43*a + 32. Let h be d(15). Give l(h).
-22
Let n(l) = l. Let d(i) = -i**3 + 6*i**